848?
8
What is the hundred thousands digit of 344015?
3
What is the units digit of 166302?
2
What is the ten thousands digit of 2901614?
0
What is the tens digit of 57576?
7
What is the ten thousands digit of 8601792?
0
What is the millions digit of 1411648?
1
What is the millions digit of 1134552?
1
What is the tens digit of 8731784?
8
What is the units digit of 175650?
0
What is the ten thousands digit of 2725725?
2
What is the thousands digit of 1015433?
5
What is the thousands digit of 293733?
3
What is the units digit of 227756?
6
What is the tens digit of 3246285?
8
What is the ten thousands digit of 4047358?
4
What is the hundreds digit of 388378?
3
What is the hundreds digit of 1096480?
4
What is the tens digit of 3678198?
9
What is the thousands digit of 3855676?
5
What is the ten millions digit of 11377869?
1
What is the thousands digit of 192394?
2
What is the thousands digit of 102223?
2
What is the ten thousands digit of 738179?
3
What is the hundreds digit of 6036290?
2
What is the hundreds digit of 659320?
3
What is the tens digit of 275609?
0
What is the thousands digit of 87731?
7
What is the tens digit of 42528?
2
What is the thousands digit of 6013496?
3
What is the thousands digit of 64040?
4
What is the tens digit of 467016?
1
What is the ten thousands digit of 10307310?
0
What is the units digit of 3812124?
4
What is the tens digit of 15694882?
8
What is the units digit of 682019?
9
What is the ten thousands digit of 1473326?
7
What is the ten thousands digit of 10031866?
3
What is the hundreds digit of 4095543?
5
What is the hundred thousands digit of 2715524?
7
What is the hundred thousands digit of 2105495?
1
What is the tens digit of 4028121?
2
What is the tens digit of 349202?
0
What is the millions digit of 4429427?
4
What is the millions digit of 24004573?
4
What is the hundreds digit of 16446?
4
What is the millions digit of 4389416?
4
What is the tens digit of 683416?
1
What is the thousands digit of 7708083?
8
What is the units digit of 5581037?
7
What is the units digit of 6342804?
4
What is the ten thousands digit of 463914?
6
What is the tens digit of 1351536?
3
What is the thousands digit of 1675566?
5
What is the thousands digit of 650222?
0
What is the tens digit of 9135613?
1
What is the tens digit of 197201?
0
What is the ten thousands digit of 674146?
7
What is the tens digit of 385045?
4
What is the ten thousands digit of 59387?
5
What is the tens digit of 2911434?
3
What is the ten millions digit of 28497354?
2
What is the hundreds digit of 940808?
8
What is the millions digit of 4988914?
4
What is the hundred thousands digit of 221199?
2
What is the hundreds digit of 3720597?
5
What is the hundred thousands digit of 19600743?
6
What is the units digit of 1489394?
4
What is the thousands digit of 1133608?
3
What is the units digit of 1703126?
6
What is the hundred thousands digit of 23536378?
5
What is the ten thousands digit of 1917401?
1
What is the hundred thousands digit of 3174033?
1
What is the hundred thousands digit of 242774?
2
What is the units digit of 1687938?
8
What is the tens digit of 726725?
2
What is the thousands digit of 363573?
3
What is the hundred thousands digit of 2545025?
5
What is the hundred thousands digit of 285279?
2
What is the ten thousands digit of 554416?
5
What is the ten millions digit of 16331595?
1
What is the hundreds digit of 759075?
0
What is the tens digit of 36354?
5
What is the hundreds digit of 1250799?
7
What is the thousands digit of 1498783?
8
What is the hundred thousands digit of 18160172?
1
What is the tens digit of 7790183?
8
What is the units digit of 238855?
5
What is the millions digit of 2581617?
2
What is the thousands digit of 2841285?
1
What is the hundred thousands digit of 7022215?
0
What is the hundred thousands digit of 112672?
1
What is the thousands digit of 176217?
6
What is the hundred thousands digit of 316156?
3
What is the millions digit of 2063246?
2
What is the ten thousands digit of 492073?
9
What is the hundred thousands digit of 2031640?
0
What is the hundred thousands digit of 6806153?
8
What is the hundred thousands digit of 2632525?
6
What is the ten thousands digit of 859219?
5
What is the units digit of 548151?
1
What is the hundreds digit of 2586332?
3
What is the units digit of 1958098?
8
What is the thousands digit of 250995?
0
What is the millions digit of 4352995?
4
What is the ten thousands digit of 2542904?
4
What is the ten thousands digit of 1899795?
9
What is the millions digit of 2170758?
2
What is the ten thousands digit of 934837?
3
What is the ten thousands digit of 144127?
4
What is the millions digit of 1546976?
1
What is the ten millions digit of 35826886?
3
What is the ten thousands digit of 606244?
0
What is the units digit of 7406475?
5
What is the hundred thousands digit of 682967?
6
What is the units digit of 1171342?
2
What is the ten thousands digit of 125615?
2
What is the units digit of 58102?
2
What is the units digit of 3440052?
2
What is the tens digit of 623690?
9
What is the hundreds digit of 2009116?
1
What is the thousands digit of 2553789?
3
What is the tens digit of 72464?
6
What is the hundreds digit of 2119893?
8
What is the hundred thousands digit of 336921?
3
What is the ten millions digit of 21788681?
2
What is the hundred thousands digit of 749526?
7
What is the tens digit of 1535465?
6
What is the millions digit of 18007472?
8
What is the tens digit of 749225?
2
What is the units digit of 49094?
4
What is the thousands digit of 3814036?
4
What is the units digit of 3639515?
5
What is the thousands digit of 392810?
2
What is the hundred thousands digit of 214224?
2
What is the tens digit of 68153?
5
What is the ten thousands digit of 16458800?
5
What is the units digit of 37879?
9
What is the units digit of 7424?
4
What is the tens digit of 3585042?
4
What is the hundreds digit of 631622?
6
What is the tens digit of 70529?
2
What is the ten thousands digit of 408507?
0
What is the hundred thousands digit of 4304145?
3
What is the ten thousands digit of 1298725?
9
What is the hundreds digit of 6307691?
6
What is the ten thousands digit of 309266?
0
What is the units digit of 324062?
2
What is the millions digit of 2954906?
2
What is the thousands digit of 556077?
6
What is the tens digit of 108172?
7
What is the hundreds digit of 22395914?
9
What is the thousands digit of 22449?
2
What is the hundreds digit of 1342059?
0
What is the hundreds digit of 5686237?
2
What is the ten millions digit of 11188712?
1
What is the thousands digit of 8340244?
0
What is the millions digit of 2822281?
2
What is the units digit of 12765620?
0
What is the tens digit of 1494154?
5
What is the units digit of 2022494?
4
What is the tens digit of 3079?
7
What is the hundreds digit of 13723?
7
What is the thousands digit of 440256?
0
What is the ten millions digit of 28494865?
2
What is the units digit of 1069500?
0
What is the hundreds digit of 1456855?
8
What is the tens digit of 4191191?
9
What is the hundreds digit of 1750329?
3
What is the units digit of 17955076?
6
What is the millions digit of 1714505?
1
What is the hundreds digit of 3886452?
4
What is the ten thousands digit of 6491119?
9
What is the hundreds digit of 858948?
9
What is the thousands digit of 36965?
6
What is the hundreds digit of 8617869?
8
What is the tens digit of 3078482?
8
What is the hundreds digit of 156966?
9
What is the units digit of 6281399?
9
What is the ten thousands digit of 292899?
9
What is the units digit of 646161?
1
What is the thousands digit of 2908419?
8
What is the thousands digit of 6240912?
0
What is the thousands digit of 795911?
5
What is the ten thousands digit of 2412223?
1
What is the ten millions digit of 19454583?
1
What is the units digit of 14483?
3
What is the thousands digit of 559137?
9
What is the tens digit of 146768?
6
What is the hundreds digit of 5221331?
3
What is the thousands digit of 22312474?
2
What is the units digit of 130901?
1
What is the hundred thousands digit of 1516699?
5
What is the hundred thousands digit of 733455?
7
What is the hundreds digit of 530201?
2
What is the tens digit of 9516935?
3
What is the thousands digit of 1466748?
6
What is the ten thousands digit of 17